6 + 2389 - (3 - (-4 - 2))) + (0 - 1)?
-47
-2 - (-1 + 11 - (1 + 13 + -5 - -31))
28
Calculate (16 + -6 - (2 + -4 - 2)) + -45.
-31
Evaluate -4 + (-7 + -21 - -40) - -115.
123
Calculate -2 + 3 + -2 + -45 + (298 - 286).
-34
-2 + -1 + (19 - 8 - 2) - -7
13
Evaluate 6 + 70 + 23 - (-18 + 3 - -2).
112
Calculate (3 + -3 + -26 - (-72 + 62)) + 70.
54
-16 + (-27 - (-31 - -9))
-21
Calculate 60 - ((-5 - (-21 + 36)) + 39).
41
Calculate 22 + 0 + (-329 - -319) + -11 + 43.
44
-7 + (2 + 4 - -21) + 0 + -5 + -9
6
What is the value of 147 + -120 - (12 + -5 - -19)?
1
Evaluate 25 + (6 - -30) + -31 - 72.
-42
Evaluate 3 - 5 - (-26 + (-9 - -50)).
-17
What is the value of -14347 + 14372 - (-2 + 2 + 25)?
0
Evaluate 11 - (14 + (-13 - -17 - 1)).
-6
1323 + -1290 - ((85 - -1) + 0)
-53
What is (76 - 77 - (-5 - -12 - -15)) + 16?
-7
Evaluate 16 + -2 - (2 + 0 + 3) - 85 - -7.
-69
18 - ((-41 - 28) + 147)
-60
Evaluate 205 + -208 - (3 + 40 + -3 + -3).
-40
Evaluate 19 - (22 + 3 + 1 + -18).
11
What is 35 + -51 + -294 + 363 + -2 + -8?
43
85 + (-8 - (-2 - 22)) + 17 + -19
99
What is 16 + 84 - (-599 - -774)?
-75
Evaluate -49 + -15 - (13 + (-47 - -31)).
-61
2 - 13 - (-14 + 27 - (18 + 2))
-4
What is (11 - -16) + 17 + 4?
48
Calculate -5 - (11 - (3 - 4 - 9 - -11)).
-15
-9 + (16 + 3 - 11) + -8 + 17 + 4
12
What is the value of (0 + -67 - 7) + (1 - -18) + -7?
-62
Evaluate 8 - ((-4 - (4 + -1)) + (83 - 82) - 32).
46
What is -7 + -4 + -24 + 3 + -1?
-33
-10 + 17 + -3 - (-9 + 2) - (-1 + -1)
13
1274 + -1239 + 63 + -2 + -4
92
Calculate 34 + -65 - (-5 - 69) - (0 + -4 - -6).
41
Calculate -121 - (-24 + 4 - (1 + -2)).
-102
Calculate -86 + (87 - -5) - (-1 - (-7 + 2 + -2)).
0
Calculate (34 - 4) + -4 + (-12 - -15) + -6.
23
What is -48 - -1 - (3 - 4) - (-165 - (-237 + 79))?
-39
What is the value of -44 + (-8 - (0 - (4 - (-10 + 13))))?
-51
Calculate 32 + -18 - (-2 + 29 - (-9 + 8)).
-14
What is -165 + 151 + 48 + 23?
57
What is the value of -7 - (-15 + 23 + -26 + (3 - -3))?
5
What is -31 + 1 + (-18 - 0 - (50 - 57)) + 15?
-26
Calculate (-1641 - -1622) + 107 + (-3 + 7 - 7).
85
-76 - -66 - (5 - -34)
-49
What is 6 + (1225 - 1162) + 7 + -3 + 2?
75
What is the value of 56 - -107 - 42 - 113?
8
(50 - (-16 - -9) - 16) + (-2 - (1 - 2))
40
14 + (-5 - 39) - -14
-16
What is the value of 38 + (3 - 16 - -22) - (-4 - -8)?
43
Calculate (9 - (-5 - -8)) + -6 + (32 - -6).
38
Calculate -11 - ((6 - 12) + (4 - -2 - 13 - -12)).
-10
Evaluate (1 - -1) + -28 + -4 + -13 + 13.
-30
What is the value of (19 - -86) + -76 - 49?
-20
What is (0 - 90) + -1 + -1012 + 1009?
-94
What is -8 + -9 + (13 - -7) + (7 - 6) + -31?
-27
What is 37 + (7 - ((-35 - -26) + 21))?
32
What is 75 + -25 + (34 - 26 - -28)?
86
What is -14 + (-37 - (-26 + 6))?
-31
What is the value of -4 - -4 - (-3 + -5 + 8) - 1 - 7?
-8
What is the value of -16 + 20 + -10 + 12 + (1 - (-54 - -2))?
59
What is the value of 168 + 22 + -72 - 74?
44
Evaluate (80 - (8 - 15) - 4) + (0 - 10).
73
Calculate (-270 - -137) + 28 + 27.
-78
Evaluate 3 + 9 + (6 - 20) + 38.
36
(-2 - 0) + (1 + 32 - 18 - 18)
-5
What is the value of (-5 + -6 - -34 - 2) + 28 + -24 - -5?
30
What is the value of (1083 - 1107) + (10 - 0)?
-14
Calculate 1611 - 1708 - (-39 + -1).
-57
Calculate (-32 - 2 - -20) + 37.
23
What is the value of (23 - -3) + (234 - 280)?
-20
-12 + 0 - (122 + (121 - 226))
-29
Evaluate 7 - (-18 + (-18 - -24) + 5).
14
12 + (-18 - -6) - (-20 - -23)
-3
What is 27 + 18 + -51 + 128 - 33?
89
What is (-8 + 23 - 5) + -7 + 2 + -6 + -77?
-78
(5 - -1) + (1 - 2) + (52 - -77) + -197
-63
Calculate 1 + -13 - ((-28 - (-6 + -7)) + 0 + 41).
-38
What is 13 + (17 - 13) + (-15 - (3 - -2))?
-3
What is -138 + 8 + (-599 - -687)?
-42
Calculate -57 - (25 - (78 + -27) - -29).
-60
3 + (15 - (-8 - -29)) + -5
-8
Calculate (23 - (96 - 86)) + -18 + -2.
-7
What is the value of -21 - (6 + -38) - (4 + (-1 - 10))?
18
Calculate (2 - 5 - -7) + -3 - (-140 + 31 - -18).
92
-15 - ((-76 - 16) + 39)
38
Evaluate (173 - (-20 + 198)) + (13 - 1).
7
Calculate 71 + 13 + (23 - 34) + 2 + 4.
79
What is the value of 149 + -64 - 35 - -60?
110
Evaluate -20 + (-1 - 6 - -5 - -30).
8
What is the value of 19 - (-65 - -24) - (3 - (-8 - -2))?
51
Calculate 8 + (-106 - -44 - -9) - -198.
153
(56 - 35) + -37 + 5 - 2
-13
(-91 - 11) + 19 + (10 - 5)
-78
What is 106 - (51 + -58) - 67?
46
Evaluate (29 - (57 - (73 - 41))) + -41.
-37
Calculate (134 - 185) + (48 - -35).
32
-112 + 68 + -12 + (4 - 2) + -15
-69
Evaluate -94 - ((-48 - -88) + -83).
-51
What is the value of 76 + (-24 - -57 - (6 - -17))?
86
What is the value of 0 + (-35 - -326) + -145?
146
Evaluate 57 - (17 + -35 + 10 + 6 + 16).
43
11 + 2 - ((6 - 77) + -20 + -4)
108
What is the value of 11 + 45 + -38 - 46?
-28
-6 - (-51 + (-2 - (-4 - (9 - 13)) - -5))
42
Calculate -46 + 34 + (71 - 3) - (0 + 6 + 0).
50
Evaluate -66 - (-68 - -5) - (2 + -9).
4
Calculate 16 + ((-3 - (-111 - -21)) + 0 - 14).
89
What is (-99 - -101) + -97 - -149?
54
128 - (61 - 4) - (-8 - -6)
73
What is -2 - -46 - (54 - (36 + 5))?
31
Evaluate -11 + 2 + (-29 - -10 - (4 - 15)).
-17
Calculate 0 + -32 - (5535 - 5571).
4
Calculate (10 - 0) + -1 + 6 + (327 - 295).
47
What is -7 - 7 - (0 + (45 - 29))?
-30
What is the value of 3 + -4 + 2 + (10 - -81) + -48?
44
Evaluate -67 + (-14 + (2 - 0) - (-1617 - -1592)).
-54
Evaluate 15 - (-141 - (-41 - -6)) - (-1 - (-2 - 2)).
118
What is 40 + -2 + 38 + 30 + -4?
102
What is 51 - 51 - ((62 - -2) + -10 + 1 + 0)?
-55
-14 + 6 + (57 - (-4 + 11) - 16)
26
Calculate 102 + -132 - (5 - (6 + -2 - -1)).
-30
Calculate -26 + (0 - (29 - 62)).
7
What is the value of 2 + -35 + 255 + -213 + (-2 - 12)?
-5
What is 20 + -35 + 30 - (23 - (0 + 17))?
9
What is the value of (-39 - (28 - 19)) + 37?
-11
-48 + (6 + -20 - -29) - (-1 + 4 + -6)
-30
Calculate (-7 + 2 + -14 + (-2 - -10) - -10) + 13.
12
What is the value of (-31 - -31) + 6 + 2?
8
Evaluate (136 - (-4 + (-8 - -17))) + -33.
98
What is the value of -13 + -61 - -77 - 24?
-21
Evaluate (0 - -1 - -64) + 25 + -5 + -25 + 10.
70
What is the value of -52 - -146 - (-6 + 24 + 8)?
68
Evaluate -2 + 16 + -7 + -13 - (1 - -48).
-55
What is (2 - 10) + 9 + -19 + 15 + 43?
40
Calculate -15 + -75 - (-158 + 84).
-16
What is 54 - (6 + -1 - (-43 - (-67 + 19)))?
54
Calculate -11 + (6 - (-7 - 4)) + -9 - -42.
39
Evaluate (33 - (1 + 15)) + (-5 - ((-6 - -9) + 5)).
4
Calculate 19 - (3 + (17 - -41) + 17 + 3).
-62
What is (1 - 15) + -107 + 102 - (-21 + 38)?
-36
What is the value of 13 + (20 + -13 - 15) - (67 - -1)?
-63
What is -29 + -10 + 13 + (13 - 3) + 2?
-14
-19 + (-9 + -2 + (-1 - -9) - (36 + -34))
-24
What is 13 + -4 + -54 + 19 + 97?
71
Calculate 9 + (-2 + 32 + -23 - -13).
29
2 + -18 + 25 + 64 + (-7 - -1) - -6
73
-54 + 39 + 74 + -153
-94
What is the value of (-79 + 17 - -43 - (-1 - -9)) + -9?
-36
What is the value of -13 - -5 - -14 - (30 + -75 + 68)?
-17
-13 - -1 - ((58 - 51) + 2 + -62)
41
Evaluate -22 + -5 + (-22 - -5 - 8).
-52
What is 1080 + -1086 - (-2 + (25 - 1))?
-28
Evaluate -120 + (-53 - (46 - 65)) + 41.
-113
Evaluate 109 - (-12 + 35 - 21) - (1 - -12).
94
What is the value of (-7 - (1 - 15 - 2)) + (1 - -34)?
44
What is the value of (-8 + 13 + -3 - -7) + -33?
-24
Evaluate 84 - -1 - (10 + -11 + (40 - 48)).
94
What is (-24 - 2) + 20 + -19 + -15?
-40
What is 19 + -45 + 28 + 3 + 120?
125
What is 29 - ((16 - 18) + -18)?
49
What is the value of -29 + (17 - (44 + -32) - -46)?
22
130 - (-161 + 166) - (36 + 1)
88
What is 33 + -56 + 4 - 0?
-19
Evaluate (-1 - 60) + (-64 + (82 - 30) - (1 - 7)).
-67
What is the value of 82 - 91 - (9 + -2 - 38 - (1 - -2))?
25
What is the value of (-4 - -4) + 9 - (0 + 78 - (-6 + 13))?
-62
(-12 + 11 - 39) + 166 + -154
-28
Calculate 73 - (5 - (-33 + (40 - 19))).
56
What is -9 - (32 - -11 - 134)?
82
Calculate 2 + -65 + (342 - 321) + 4 + 3.
-35
Evaluate -10 - (35 - (11 + -7) - 4).
-37
What is the value of -12 + -12 + (6 - -9 - -7)?
-2
Evaluate 13 + (8 + 15 + (-16 - 16) - -17).
21
What is 32 + -78 - 28 - -120?
46
Evaluate 1441 + -1381 + (-57 - -2).
5
What is the value of (-23 - -2) + (-4 - 0 - (4502 + -4445))?
-82
Calculate -69 + 1 + 4 - (28 - 48).
-44
Calculate -33 - -35 - 40 - 5.
-43
Calculate 10 + 5 + -21 + 0 - (4 + -10).
0
Calculate 0 + (-12 - (-4 + -6)) + -26 + 2.
-26
Calculate 22 + 4 - (-100 - -190).
-64
Evaluate 29 + (5 - (-6 - -14) - -2) + 0 + -8.
20
Evaluate -7 + (-9 - 6 - -6) + (44 - 32).
-4
(22 - 